 -2 + 7 + -1.
2
7 + -10 - -21 - 0
18
Evaluate -26 + 17 - -14 - (-4 - 0).
9
Evaluate (-89 - -85) + (1 - -1).
-2
10 + (12 - 8) + -4 + -7
3
Calculate 16 + -39 - (12 + 16 + -14).
-37
Calculate (11 + -2 - -4) + -12.
1
(40 - 26) + (-2 + -2 - -2)
12
What is the value of 1 + -2 + 2 + -7 + 15 + -18?
-9
(10 - 6) + (-5 - -1) + (11 - 3)
8
Evaluate (3 + 7 - 3) + -30.
-23
(-9 + 2 - -4 - -8) + 7
12
Calculate -20 + 21 + (20 - 12).
9
What is the value of 1 + (14 - -2) + (-6 - -4) + -2?
13
Calculate 4 - 3 - (-9 - (3 + -7)).
6
What is the value of -9 - (0 + 2) - (56 + (-105 - -50))?
-12
What is 2 - (7 + -4 + (-4 - 1))?
4
What is (-19 - -13) + 8 + 18 + -1 + 7?
26
Evaluate -1770 + 1776 - ((-1 - -8 - 0) + -1).
0
(-6 - -2) + -23 - (-6 - 11)
-10
What is the value of 26 + -21 + 10 + 6?
21
9 + 5 + 14 - (-14 - (8 - 12))
38
What is the value of (1 + 2 - (9 - (1 - -3))) + -2?
-4
Calculate (12 - 16 - -32) + -38.
-10
-5 + 11 + (-4 - -15 - 35)
-18
2 + (-2 - -4) + 2 - 13
-7
What is (-3 + 4 - 7 - -12) + 11?
17
-32 + (31 + 37 - 29)
7
What is 131 + -115 - (39 - -5)?
-28
What is 7 - (3 + -15 + 8)?
11
Calculate (-46 - (-12 + -2)) + (0 - -4) + 3.
-25
-2 + -12 - (-98 + 102)
-18
What is 3 - (-33 - (7 - 16) - (-1 - 7))?
19
Evaluate (-3 - -12) + -1 + 11.
19
What is (13 + 24 - 76) + 26?
-13
Calculate (-1 - -3) + 17 + (20 - 2 - 25).
12
2 + 1 + -7 + 13 + -19
-10
What is the value of -3 + -3 + 3 + 4?
1
Evaluate 14 + (19 - (1 + 12)) + -6.
14
Calculate (-3 + (-10 - -4) - 3) + (4 - 0).
-8
Evaluate -52 - -51 - (-2 + 3 + -3 - 15).
16
What is 0 - (38 - 1) - ((-31 - 21) + 41)?
-26
-5 + 7 + 4 + -2 - -7
11
What is 58 + (-25 - (-26 - -27))?
32
Calculate -2 + -14 + (3 - -21).
8
Evaluate (-2 - -24) + -1 - (-27 + 19 + 15).
14
What is the value of (9 + -5 - -15) + -15?
4
What is 10 + -16 + -13 - -5?
-14
Evaluate 3 - 6 - ((19 - 7) + -5).
-10
What is the value of -14 + 50 + -17 + -17?
2
-1 + 1 - (4 + 1 + 23 - 12)
-16
-2 - (-15 + 13) - (-5 + (4 - 1))
2
Calculate (-123 + 128 - (0 + (-1 - -11))) + -4.
-9
-14 + (8 - (11 - 3))
-14
What is the value of 10 + (4 - 1) - (4 + -3)?
12
What is 27 + 15 - 27 - (6 - 12)?
21
-8 + -41 + 47 + -6
-8
Calculate 1 - ((12 - 18) + 18).
-11
What is the value of (-2 - 7 - 9) + 9?
-9
What is the value of 0 + (-10 - -3 - (-7 - 2) - 0)?
2
-30 - (-33 + 41 + -20)
-18
What is the value of -35 + 63 + -10 + -8?
10
Calculate -4 - (4 - 3) - (7 - -1 - 2).
-11
12 - 7 - 10 - 9 - (-5 - 0)
-9
What is -1 - -1 - (-3 - -35 - (-34 - -43))?
-23
(26 + -9 - (1 + 5)) + -4 + 1
8
31 - (-2 - -1 - (-26 + (30 - 7)))
29
What is the value of 6 - (-8 - (10 + -22) - 10) - 24?
-12
Calculate 21 + 12 + -23 - 26.
-16
Calculate 8 + (1 - (11 + -11) - (-8 - 0)).
17
Calculate -30 + 35 - (7 + -10).
8
What is (0 - -2) + 4 - (516 - 513)?
3
Calculate -10 - (13 + -27 - -19).
-15
Calculate 1 + (-9 - (2 + -2)) + 17 - 21.
-12
What is the value of 13 + -24 + 22 + (-6 - 6) + 5?
4
-6 + -17 + 15 + -12 + 4
-16
Evaluate (-1 - 9 - -18) + -2.
6
Calculate -7 + 13 + (-9 - -5 - -2).
4
What is the value of 2 + (2 - 5) + -7 + 5 + -1?
-4
What is the value of 1038 - 991 - (1 - -40)?
6
Calculate 13 + (-4 - (7 + (3 - 6) + -1)).
6
What is the value of (10 + -13 - -4) + -13 + (1 - -1)?
-10
Calculate -10 - (44 - (36 - 6)).
-24
What is 1 - 7 - (15 - (-12 - (13 + -52)))?
6
What is the value of (50 - -7) + -42 - (-1 - -7)?
9
-8 + (8 + -15 - -2 - -14)
1
-15 - (-16 + (21 - 16))
-4
(-19 - 14 - -7) + 18
-8
Calculate (49 - 3 - 17) + (-9 - 5).
15
Evaluate (33 - 15 - 16) + 4 + 5.
11
What is the value of 7 - 16 - -15 - (2 + 0 - 0)?
4
Calculate -12 + (12 + -24 - -5 - (-2 + 0)).
-17
What is the value of (-60 - (-13 - 20)) + 57?
30
What is the value of (-11 - (2 + -23)) + (-10 - 3)?
-3
Calculate (32 - 31) + -6 - -13.
8
Evaluate (6 - (0 - -4) - 0) + (5 - 0).
7
Evaluate -1 + (12 + (-13 - -3 - -1) - -8).
10
4 + (39 - 20) + (1 - -1)
25
What is (-1 - 9 - (16 + -15 + 0)) + 6?
-5
(23 - 26) + 14 + 1
12
(0 - (-7 + (4 - 6))) + -37
-28
Evaluate -24 - (-18 + 7 - (-16 - -2)).
-27
Evaluate -9 + -1 - (-2 - (-3 + 5)) - 10.
-16
Evaluate 37 - 19 - 12 - (4 - (6 - 1)).
7
-7 + (-7 - 6) - -7 - 4
-17
Evaluate 8 + -1 - (17 + 1 + -4).
-7
Evaluate 10 - (10 + -31 + 16 + 14).
1
Calculate 7 + (-27 - -24 - (0 - 1)).
5
What is the value of -11 + (1 + -14 - -11) + 43?
30
Calculate -4 - (1 - -2 - (-3 + -9)).
-19
What is the value of -1 - (9 - (-25 + 9 - -6))?
-20
Evaluate (3 - 24) + -46 + 61.
-6
6 - (15 + -3 - (-7 + 1) - 4)
-8
-4 + (-2 + 11 - 4)
1
What is 45 + -32 - (-3 - -13)?
3
What is 11 - (-8 + 20) - (-2 + 1)?
0
Calculate (-2 - 2) + -46 + 45 - (37 + -26).
-16
-4 + (9 - (10 + -13))
8
What is -1 + (-6 - -22 - -20)?
35
-10 - (-13 + (2 - -11) + -1)
-9
Calculate -9 + -24 + (-23 - -53).
-3
Calculate (-3 - (-2 - -1)) + 2 - (0 + -4).
4
What is 7 + -21 + (7 - -6)?
-1
Evaluate -13 - (2 - (10 - -23)).
18
What is the value of -9 - (2 - (7 - (5 - 5)))?
-4
Evaluate (10 - 18) + 11 - -1 - 14.
-10
Evaluate 4 - (2 + 5 + 32 + -34).
-1
What is (119 - 109) + (-7 - 2) - -14?
15
What is the value of (2 - -2) + -6 + (7 - 3) - -11?
13
Calculate -9 + 19 + -4 + -2 - -4.
8
What is -1 - -9 - ((-3 - (2 - 6)) + 1)?
6
Evaluate 33 - (22 + -6 - -19).
-2
What is the value of -2 + 6 - (17 + -10)?
-3
What is the value of 2379 - 2398 - (1 + -21)?
1
What is -17 + 4 + 6 + (5 - -14 - 7)?
5
Evaluate 14 - 0 - (-67 - -67).
14
What is (-319 - -319) + (0 - 8 - 3)?
-11
Calculate -2 + (-14 - (9 + (-4 - 6))) + 8.
-7
Calculate -9 - -4 - (17 + (-5 - -6 - 4)).
-19
5 + (1 + 4 - (13 + -3 + -9))
9
Calculate (3 - 4) + (-9 - (8 + -11 - 2)).
-5
What is (16 - -2 - ((8 - -3) + -3)) + 9?
19
What is 1 + -4 - (4 + (17 - 34) + 7)?
3
What is the value of 15 + -4 - (-14 + -7 - -9)?
23
Calculate 8 + 33 + -11 + -40 + (0 - -4).
-6
Calculate (36 - 59 - (3 - 12)) + (3 - -1).
-10
33 + -32 - -32 - 61
-28
Calculate (55 - 78 - -6) + 1 + 31.
15
Evaluate 8 - 0 - (6 + -16 + 16).
2
-33 - (-81 + 39 - -16)
-7
What is -3 - ((0 - -1) + 6 + (-1 - 8))?
-1
Calculate -13 + 11 + 4 + 0 + 5.
7
What is -10 + -6 + -41 + 60?
3
-17 + (-22 - -52 - 11)
2
Evaluate 3 + (15 + 2 - 6).
14
(5 - 31) + 22 + -4
-8
What is -15 + (-2 - (-5 - -1 - (-6 - -1)))?
-18
16 - (12 - (5 - (-13 + 6)))
16
Evaluate -4 - ((-4 - -1) + (4 - 6) + -7).
8
Evaluate 6 - ((7 - 7) + 11).
-5
What is 4 + -17 + -5 + (59 - 6)?
35
-8 + -11 + -12 + 12 + 50
31
What is 1191 + -1187 - (5 - 0)?
-1
-8 + (5 - -2) - 7 - -3
-5
Calculate -19 + (-12 - -24) + -5 - -18.
6
What is the value of 11 - (9 + 10 + -17)?
9
Calculate (-14 + 3 - 1) + (137 - 116).
9
Calculate -4 - (-2 + -4) - (-3 + -2).
7
Evaluate -36 - -18 - -17 - (1 + -2) - -25.
25
What is the value of -30 + (18 - 5) + -5?
-22
Evaluate -13 - -8 - (1 + -1 + -11 - 0).
6
-5 + (-2 - -8) - (2 - (14 - 3))
10
What is 4 - 13 - (2 + -22 + 0)?
11
Evaluate 4 - -14 - 25 - (-23 - (2 + 2)).
20
Calculate -2 + (0 - -6) + (4 + -15 - 8).
-15
(-1 - (19 + -6 + -10)) + 25
21
Evaluate 29 + -60 + 18 - -19.
6
27 + -3 - (-429 - -470)
-17
(-26 - -2) + -22 + (47 - 18)
-17
What is (-7 - (-2 + -10 + 7)) + 4 + -5?
-3
What is -3 + (-8 - -7) + 6 + -10 + 4?
-4
What is -15 + (-3 + 19 - (6 + 1))?
-6
What is (-5 - 1 - (87 + -86)) + 1 + -6?
-12
What is the value of (-4 - -3 - (8 - (8 - -5))) + -17?
-13
Evaluate 15 - (15 + -13) - 7.
6
Calculate -12 - (0 + -1 - 1 - (359 - 364)).
-15
What is -21 - -25 - (9 - (-3 - -4 - 3))?
-7
What is -14 + -1 - (-79 + 74)?
-10
What is the value of 33 + 15 + -18 + -17 + 8?
21
What is the value of (25 - (-11 - -32)) + (-7 - -4)?
1
What is the value of (11 - (-1 + 1)) + -480 + 478?
9
What is the value of (-92 + 19 - -15) + 28?
-30
(-6 - -1) + -328 + 323 - 14
-24
0 + (-1 - -29 - -7)
35
What is (-37 + 16 - 9) + -3?
-33
Calculate -40 + -14 + 22 + 16 + -9.
-25
Calculate (23 - -1) + (5 - -4) + -38 + 20.
15
Calculate (16 + (1 - 9) - 3) + -17.
-12
Evaluate 18 + (4 - (34 - 16)) + -23 + 0.
-19
What is -1 + 7 - (24 - (11 + (3 - 10)))?
-14
Evaluate 19 + -46 - (-57 + 11).
19
What is (-30 - -13) + -1 - -32?
14
Evaluate 13 + -64 - -17 - (5 - 5 - 8).
-26
What is the value of -10 + 4 + -2 + (9 - 20) + 10?
-9
Calculate -9 + -1 + -70 + -28 + 100.
-8
Calculate -8 - (9 + (-11 - (5 + -6))).
-7
What is 76 + -2 - (710 - 672)?
36
(5 - (-6 + -2)) + -4 + 12 + -13
8
-22 + (-8 - -5) + 1 - (0 + -8)
-16
What is 32 - (50 - (-18 + 9))?
-27
Calculate (26 + -15 + 10 - 10) + -25.
-14
Calculate (0 - 0) + -5 + 11 + 